common factor of 45 and c.
15
Let k = 0 - -8. Let t(o) = o**2 - 8*o + 9. Let j be t(k). Calculate the greatest common factor of 6 and j.
3
Let y = -341 + 539. What is the greatest common divisor of 18 and y?
18
Let v = -16 - -22. Let w = v - -14. Suppose 0*l + w = l. What is the greatest common factor of l and 20?
20
Let p(k) = k**3 - 15*k**2 + 27*k + 13. Suppose 20 = 4*s - 32. Let c be p(s). Calculate the highest common factor of c and 65.
13
Let x = 260 + -146. Let a(i) = i**2 - 3*i + i**2 - 2 - 7*i**3 + 2*i**2. Let c be a(-2). Calculate the highest common factor of x and c.
38
Suppose -14*w - 4 = -18*w. What is the highest common divisor of 11 and w?
1
Suppose 3*f = 2*q - 328, 5*q - 692 = q - 3*f. What is the greatest common factor of 10 and q?
10
Suppose -4*m - 11 = -5*m + 2*q, -5*m = -4*q - 43. Suppose 0 - 2 = -r. Let a = m + r. What is the greatest common factor of 9 and a?
9
Let l = -51 + 43. Let j be (-18)/l + 3/(-12) + 31. Calculate the highest common factor of j and 22.
11
Let v be (122 + -112)/(4/6). Suppose 25 = 5*w + 5*d, 9*d - 4*d = -5. Calculate the highest common divisor of v and w.
3
Suppose -5 = -j - 8, j + 762 = 3*o. What is the greatest common factor of 23 and o?
23
Suppose 0 = 4*h + 5*t - 357, t + 282 = -10*h + 13*h. Calculate the highest common factor of h and 155.
31
Let b(h) = 92*h - 292. Let w be b(5). Calculate the highest common factor of 456 and w.
24
Let l = -4 - 14. Let x = l - -39. What is the greatest common divisor of 42 and x?
21
Suppose -a + 25 = -6*a. Let t = a + 2. Let h be (-35)/t - 12/(-9). Calculate the highest common divisor of h and 104.
13
Let x(j) = -2*j + 52. Let i be x(-34). Calculate the greatest common factor of 200 and i.
40
Suppose 0 = 10*b - 6*b - 540. Let y = -16 + 31. What is the highest common divisor of y and b?
15
Suppose 113 = -7*a + 239. Let q = 12 + -6. Calculate the greatest common factor of q and a.
6
Let r(m) = -2*m - 14. Let j be r(-9). Suppose 0 = -j*l + o + 41, -l - 3*o = 5 - 12. Suppose -157 = -3*q - 7. What is the greatest common factor of q and l?
10
Let u(p) = -p**3 + 13*p**2 - 25*p. Let n be u(8). What is the highest common factor of n and 40?
40
Let s be 70/28 + -34*(-7)/4. Calculate the greatest common factor of s and 434.
62
Suppose -295 = -34*y + 11. Let p be (2/(-1))/2 - -2. Let i = 0 + p. Calculate the greatest common divisor of i and y.
1
Suppose -9*s + 36 = -126. What is the greatest common divisor of 6 and s?
6
Let x(o) = -24*o + 56. Let m be x(0). What is the highest common divisor of 182 and m?
14
Let w = 1067 + -1064. What is the greatest common factor of w and 201?
3
Let w(j) = -j**3 - 2*j**2 + 1. Let t be w(-1). Suppose -4*i + 4 = t, -2*c - 5*i = 6 - 43. Let n = 619 - 555. Calculate the greatest common divisor of n and c.
16
Suppose 0*h = -3*h + 3*a + 471, 0 = -3*h - a + 455. What is the greatest common divisor of h and 408?
51
Suppose o - 3*i = -0*o + 152, -i - 704 = -5*o. Let c = o + -77. Calculate the highest common factor of c and 9.
9
Suppose 64*y = -9*y + 292. Calculate the highest common divisor of 19 and y.
1
Suppose -36*q = -79*q - 118*q + 17388. Let s(j) = j**3 - 6*j**2 + j + 6. Let f be s(6). What is the highest common factor of f and q?
12
Let y be (((-12)/(-8))/((-14)/(-252)))/(12/16). Suppose 0 = 5*k - 2*j - 268, -220 = -5*k + k - 4*j. Calculate the greatest common divisor of k and y.
18
Let m(f) = 2*f**2 + 38*f + 239. Let n be m(-14). What is the highest common divisor of n and 66?
33
Suppose z - 60 - 60 = 0. Suppose -h + 15 = -0. What is the greatest common divisor of z and h?
15
Let j(c) = -3*c**3 + 11 - 4*c**2 - 1 + 8*c**3 - 3 - 2*c. Let w be j(-3). Let b = 279 + w. What is the highest common factor of b and 11?
11
Suppose -7*o + 3*l + 72 = -2*o, 4*o - 5*l - 68 = 0. What is the greatest common factor of 12 and o?
12
Suppose -5*q + 4*i + 245 = -268, 0 = -5*q + 3*i + 516. Let d = -19 - 16. Let g = d - -50. Calculate the highest common divisor of q and g.
15
Let y(a) = -a + 3. Let c = 14 + -18. Let w be y(c). Let q = 41 - -8. Calculate the greatest common divisor of w and q.
7
Let c = 530 + 998. Calculate the highest common factor of c and 16.
8
Let i(c) be the third derivative of 0*c + 0 + 1/2*c**4 + 13*c**2 - 11/6*c**3. Let z be i(3). Calculate the highest common factor of 125 and z.
25
Let f(c) = -3*c - 5. Let r be f(-4). Suppose b = -3*x - 31, 3*x = 4*b - b + 153. Let m = -18 - b. What is the greatest common factor of r and m?
7
Let b be (-2881)/(-559) - 2/13. What is the greatest common factor of 80 and b?
5
Let f(q) = -6*q + 87. Let k be f(4). What is the highest common divisor of k and 126?
63
Let i = -979 - -999. What is the greatest common factor of i and 50?
10
Suppose 53*x = 56*x - 84. What is the highest common factor of 2660 and x?
28
Let m be (-4 - -3) + 1 + -19. Let b = m + 228. Let x be 76/(-6)*3/(-2). Calculate the highest common divisor of x and b.
19
Suppose -8*h - 280 = -3016. Calculate the greatest common factor of h and 18.
18
Suppose -6*b + 7*b - 4*n - 117 = 0, 2*b - 247 = -5*n. What is the greatest common factor of 44 and b?
11
Let h = 93 - 54. Let c be -1 - 0 - 4/((-4)/h). Suppose 0 = -o - 4*a + 103, -2*a - 2*a + 8 = 0. What is the greatest common factor of c and o?
19
Suppose 8*y + 5*p - 240 = 7*y, 5*y = -3*p + 1266. Calculate the greatest common divisor of 102 and y.
51
Suppose 2*n + 0*n - 22 = 0. Let m = -11 + n. Suppose -k + 4 = -5*y + 2, y - 2 = m. What is the highest common factor of 24 and k?
12
Suppose 32*c - 18*c = 280. Calculate the greatest common factor of c and 180.
20
Let c be (13 - 11) + -11*2. Let j be (-16)/c - (-1)/5. What is the highest common factor of 11 and j?
1
Let i(x) = 4*x**2 - 6*x - 2 + 6*x**2 + 3*x. Let p be i(-2). Let v be -2 - 2/(2/(-13)). What is the highest common factor of p and v?
11
Let k(h) = 2*h - 18. Let f be k(11). Suppose -w + 35 = -f*j, 5 = -w - 2*j - 2*j. Let m = 10 - 4. What is the highest common factor of m and w?
3
Suppose -422*d + 416*d + 60 = 0. Let x be 2/3 + 476/6. What is the greatest common factor of x and d?
10
Let y be ((-9)/(-15))/(6/240). What is the greatest common factor of y and 56?
8
Suppose 3*h - 1226 = -4*t - 2*h, -4 = -2*h. Suppose d - t = -0*d. What is the highest common divisor of 38 and d?
38
Suppose u = -2*v + 24, 3*u + 4*v + 22 = 86. What is the greatest common divisor of 48 and u?
16
Suppose 2*q = -4*w + 3*q + 745, 0 = -5*q + 15. Calculate the greatest common factor of w and 22.
11
Let b = -4 - -43. Suppose -24*d = -26*d + 52. What is the greatest common divisor of d and b?
13
Suppose 13*m - 559 = 286. Suppose 3*h = -0*h + 78. What is the highest common factor of h and m?
13
Let u(n) = -10*n + 14. Let h(b) = -5*b + 7. Let w(i) = 5*h(i) - 3*u(i). Let x = 10 - 3. Let t be w(x). Calculate the greatest common divisor of t and 28.
28
Suppose 5*p + 5*r - 30 = 0, 0*p - 2*p = r - 11. Suppose 4*y - 5*i = 50, 3*y - 26 = 5*i + 9. What is the highest common divisor of y and p?
5
Let b be (-634)/(-10) - 8/20. Let j be b/5 + 6/(-10). Let c be (12/(-10))/(3/(-120)). Calculate the highest common divisor of c and j.
12
Let h = -667 + 716. Let m(r) = -r**3 + 6*r**2 + 5. Let f be m(6). Let a = f + h. What is the greatest common divisor of 18 and a?
18
Let x be (6/3)/(3/(-6)*-4). Let s be (-10)/(x - -4) + 72. Suppose o + 2 - 16 = -h, 0 = 4*o - 2*h - 32. What is the highest common factor of o and s?
10
Suppose 35 = 7*c - 0*c. Suppose -c*l + 148 = -4*m, 3*l - 53 = 5*m + 41. What is the highest common factor of l and 224?
28
Let f = 38 - -197. What is the highest common factor of f and 423?
47
Suppose -o + 4*o + u - 1295 = 0, 3*o = 4*u + 1300. Calculate the highest common factor of 240 and o.
48
Suppose -4*h + 504 = 17*h. Calculate the highest common factor of h and 48.
24
Let i(j) = j**3 + 14*j**2 - 2*j + 12. Let q be i(-14). Calculate the highest common divisor of q and 5.
5
Let r be 142/7 - (-2)/(-7). Suppose -5*h + 10 = 4*u + u, 3*u - h = 22. Suppose -7*a + u*a = -20. Calculate the highest common divisor of a and r.
20
Let s(j) = -2*j - 9. Let g(t) = 13*t + 54. Let v(z) = -6*g(z) - 34*s(z). Let u be v(-7). Let q = -14 + 27. Calculate the greatest common divisor of q and u.
13
Let k be 21/(-12) + (9 - (-259)/4). What is the highest common factor of 45 and k?
9
Suppose k